d p?
6
Let q = 52 - -58. Calculate the highest common divisor of 22 and q.
22
Suppose -5*y - 177 + 422 = 0. Let u be ((-28)/y)/((-4)/98). Calculate the greatest common factor of 28 and u.
14
Let l be (1581/186)/(1/8). Calculate the greatest common factor of l and 629.
17
Let j be (2/15*-6)/((-12)/1470). Let m = j - 80. Calculate the highest common divisor of m and 45.
9
Suppose x + 5*v = 4 + 17, 5*x - 18 = 4*v. Let j = 10 - x. Calculate the greatest common factor of j and 26.
2
Suppose -133*u + 168*u = -255 + 1095. Suppose t + 0*t - 5 = 0. Suppose -3*a + 14 = -t*w, -3 = -5*a - 4*w + 8. Calculate the highest common divisor of a and u.
3
Let r be (-76)/(-5) - (-6)/(-30). Let b = 22 - r. Suppose b = g - 5. What is the highest common divisor of g and 12?
12
Let z(j) = 4 + j**2 + 0*j - 2*j - j. Let k be z(3). Suppose -3*q + k = -q. Calculate the highest common divisor of q and 22.
2
Suppose 4*r - 48 = 4*d, 13 = 2*r + 3. Let b be d/(-21) + (-4)/(-6) - -83. Calculate the greatest common factor of b and 56.
28
Suppose -3*c = m + 2*c - 2, -6 = -3*m + c. Suppose -m*i = 2, 3*i = -j + 5*i + 17. What is the greatest common factor of j and 5?
5
Let s = -193 + 207. Suppose -s*u = 8*u - 1276. Let l = 120 - 33. What is the highest common factor of u and l?
29
Let f = 87 + -46. Let u be 87 - 0*1/3. Let w = u + f. Calculate the highest common factor of w and 16.
16
Let r be 298/18 - 72/(-162). Suppose -3*y + 13 + r = 0. Calculate the highest common divisor of y and 2.
2
Let g(q) = 3*q**2 + 6*q. Suppose 4*b = 69 - 1. Suppose b + 31 = -6*k. Let o be g(k). What is the highest common factor of o and 18?
18
Let y be (44/55)/(2/405). Calculate the greatest common factor of y and 72.
18
Suppose -103 = -20*q + 317. What is the greatest common factor of q and 147?
21
Suppose -k + 8 = w, 2 - 42 = -5*k + 4*w. Let m = 299 + -204. Suppose 3*l - 25 = m. What is the greatest common divisor of k and l?
8
Let k be (3 - -14) + 152/(-19). Calculate the highest common factor of k and 81.
9
Let r be (-1 - -1)/(-1 + 2). Suppose -11*z + 12*z - 77 = r. What is the greatest common factor of 22 and z?
11
Let c(y) = -5*y**2 + 41 - 9 + 3*y**3 - 12 + y. Let t be c(5). Calculate the greatest common factor of 25 and t.
25
Suppose 0 = -4*l + 78 - 14. Let x(a) = a**2 - 5*a - 2. Let h be x(-6). What is the highest common factor of h and l?
16
Let j(n) = n**2 + 7*n**2 + 90 - 98 + n**3 + 2*n. Let z be j(-3). Calculate the highest common divisor of 217 and z.
31
Suppose 12*r - 16 = 8*r. Suppose 80 = 6*d - r*d. Calculate the greatest common divisor of 100 and d.
20
Suppose 0*r = -2*r + 10. Suppose r*p = 15 + 5. Suppose -3*u = 2*w - 25 + 2, 3*u = -p*w + 31. What is the highest common divisor of u and 10?
5
Suppose 5*m = 13*m + 128. Let h = m - -26. Calculate the greatest common factor of 5 and h.
5
Let q = -339 - -541. What is the greatest common factor of 2 and q?
2
Suppose -2*t = 5*s + 2*t - 171, -2*s + 69 = t. Suppose -s = -2*x - 4*j + 115, 2*x + j - 150 = 0. What is the greatest common divisor of x and 50?
25
Let p = 1000 - 556. What is the highest common divisor of 12 and p?
12
Let k = 2938 - 2832. What is the highest common divisor of k and 3816?
106
Let a(x) = -13*x + 987. Let t be a(74). Calculate the greatest common divisor of t and 35.
5
Suppose 2*i - 12 = -2*b + 34, -3*b = -3*i - 99. What is the greatest common factor of 8 and b?
4
Let k = 35 + -26. What is the highest common divisor of k and 3?
3
Suppose -4*x - 118 = -2*f, -133 = -2*f - 3*x + 2*x. Suppose -4*s + 155 = -f. Calculate the highest common divisor of 11 and s.
11
Let w be 9*14/3 + -4. Let p be (-231)/(-4) - 36/48. What is the highest common divisor of w and p?
19
Suppose 3*c - 724 = 308. What is the greatest common divisor of 129 and c?
43
Suppose 3*k = 13*o + 228, 6*o + 198 = 3*k + 3*o. Suppose -2*a + 0*a + 29 = 3*g, -5*g = a - 46. What is the greatest common factor of g and k?
9
Let u be (-2)/(0 - 3 - -5). Let m = 1 + u. Suppose 0*i + 2*i - 4*d = 144, m = -2*i - 4*d + 136. Calculate the greatest common factor of i and 10.
10
Suppose -7*k + 5*k + 14 = 0. Calculate the greatest common divisor of k and 189.
7
Let i be (-25)/(150/(-72)) - -380. Calculate the highest common divisor of i and 294.
98
Suppose 3*w - 348 = 3*t - 108, -2*w - 2*t = -140. Suppose 0 = 5*c, 5*u + c = -c + 15. Suppose -8*i = -u*i - 75. What is the greatest common factor of i and w?
15
Suppose 3*k - 86 = -20. Suppose -3*l + 2 - 1 = 2*d, 2*d - l = 21. Suppose -175 + 615 = d*g. What is the greatest common factor of g and k?
11
Let h(p) = -p**3 - 8*p**2 - 11*p + 8. Suppose 2*v - 16 = 4*v. Let x be h(v). Calculate the greatest common divisor of x and 16.
16
Let t be 36/6*6/4. Suppose -t*l + 750 = -4*l. What is the highest common divisor of 60 and l?
30
Let o be -12*2/12*-33. What is the highest common divisor of o and 1056?
66
Suppose -3*h - m - 337 = -7*h, 5*h = -2*m + 418. Let b = -46 + h. Calculate the highest common factor of 152 and b.
38
Let m be 2/(-3) - 32/(-3). Suppose 16*r + m = 18*r. Calculate the greatest common divisor of 2 and r.
1
Suppose -3*t = -2*t - 3. Suppose 2*r - 42 = 5*u, -t*r + 55 - 11 = 2*u. What is the greatest common divisor of 176 and r?
16
Suppose 31*p = 29*p + 4*r + 3082, 3*r - 7679 = -5*p. What is the highest common factor of 29 and p?
29
Let b(d) = d - 9. Let y be b(28). What is the highest common factor of 437 and y?
19
Let t(c) = 9 - 10*c**2 + 0*c + 9*c**2 - 9*c. Let y be t(-7). Suppose -3*n - 31 = -k - k, n - 51 = -2*k. What is the greatest common divisor of k and y?
23
Suppose s = 4*j + 31, -4*s + 68 = -0*s - 2*j. What is the highest common divisor of s and 135?
15
Let a(s) = -1 + 9 - 5*s + 14*s. Let n be a(3). Calculate the highest common factor of 7 and n.
7
Let i(d) = d + 4. Let r be i(12). Suppose -4*j + 0*j + 56 = 4*t, 0 = j - 2*t - 20. Calculate the highest common factor of j and r.
16
Suppose 41*o + o = 74844. Calculate the highest common factor of 66 and o.
66
Suppose 17 = d - 4*w - 3, 2*d - 5*w - 25 = 0. Suppose 4*u - u + 3*v - 54 = d, -u + 4*v + 43 = 0. What is the highest common divisor of u and 184?
23
Let j = 6 - 4. Suppose j*s = -2*p - 2*p + 10, -3*p - 10 = -2*s. Suppose -24 = -v + 3*w - s*w, 23 = 2*v - w. Calculate the greatest common factor of 7 and v.
7
Let w = 123 - 35. Suppose -t = -2*t + w. What is the highest common divisor of t and 11?
11
Suppose -8*v + 13*v = 2940. Let i = -368 + v. Suppose 2*u - 3*u + 20 = 0. What is the greatest common divisor of u and i?
20
Let j(s) be the first derivative of -12*s**2 + s + 6. Let f be j(-1). Let u be 32/3 - 2/3. What is the highest common factor of f and u?
5
Let r = -2 + 0. Let x = r + 57. Calculate the greatest common divisor of 22 and x.
11
Let l = 219 - 207. Calculate the highest common divisor of 6 and l.
6
Let w(v) = -8*v**2 - 207*v + 2. Let d be w(-3). Calculate the highest common divisor of d and 87.
29
Let b = -244 + 406. Calculate the greatest common divisor of b and 18.
18
Let k(l) = -l**3 + 13*l**2 + 14*l + 18. Let m be k(14). Suppose -5*n - 65 - 20 = 0. Let b = -8 - n. Calculate the highest common factor of m and b.
9
Suppose -10*j = 136*j - 4672. Let z be 6/(-1 + (-5)/(-2)). Calculate the highest common factor of j and z.
4
Let w be (0 + 5)*4/5. Let p be ((-3)/6)/(3 - (-35)/(-10)). What is the greatest common factor of w and p?
1
Let n = 73 - -26. Calculate the highest common factor of 27 and n.
9
Let i(n) = -2*n - 57 + 36 + 105. Let k be i(12). What is the greatest common divisor of 60 and k?
60
Suppose -4*m + m + 3*r + 180 = 0, -250 = -5*m - 5*r. Suppose 13*s - 30 = 256. What is the highest common divisor of m and s?
11
Suppose -5*f + 45 = -0*f. Suppose -2*v - 2*k - 2 = 0, 2*v - 2*k - 2 = 4. Let d be 12 + -5 + -1*v. Calculate the highest common divisor of f and d.
3
Let g(f) = f**3 + 2*f**2 - 11*f - 6. Let c be g(-4). Let p be 2/(-6) + 3/9. Suppose p = c*b - b - 440. What is the highest common factor of b and 11?
11
Let v = 92 - 54. Suppose 5*g = -2*u + 34, -20 = g - 4*g - u. Suppose -455 = -g*o + o + 4*y, -3*o = -y - 280. Calculate the highest common factor of v and o.
19
Let z(y) = 39*y**2 + 3*y + 10. Let g be z(-3). Suppose -2*a = -a - g. What is the greatest common divisor of a and 32?
32
Let j be 9 + 0 + -3 + 2. Let r be (-2)/(-1)*(-240)/5. Le